3 a prime number?
False
Is 10183 a composite number?
True
Is 86755 a composite number?
True
Is 492967 prime?
True
Is 21341 a prime number?
True
Is 15529 prime?
False
Is 3691 composite?
False
Is 28463 a prime number?
True
Is 1661 a composite number?
True
Is 37781 prime?
True
Is 100235 prime?
False
Is 287 prime?
False
Is 777895 a composite number?
True
Is 45659 a composite number?
False
Is 16574 a composite number?
True
Is 913013 a composite number?
False
Is 3793 a prime number?
True
Is 106105 a prime number?
False
Is 87155 a composite number?
True
Is 50923 composite?
False
Is 52747 prime?
True
Is 11113 a composite number?
False
Is 1311797 composite?
False
Is 279745 composite?
True
Is 1472609 composite?
True
Is 37747 composite?
False
Is 23327 a composite number?
False
Is 5489 prime?
False
Is 75497 a composite number?
True
Is 43003 composite?
False
Is 5303 composite?
False
Is 461309 a composite number?
False
Is 326 prime?
False
Is 131431 composite?
False
Is 91331 composite?
False
Is 16793 prime?
False
Is 3491 prime?
True
Is 151881 a composite number?
True
Is 196795 a prime number?
False
Is 13393 a prime number?
False
Is 559745 prime?
False
Is 10405 a composite number?
True
Is 83363 composite?
True
Is 126127 composite?
False
Is 157517 prime?
False
Is 122993 a prime number?
False
Is 1103 a composite number?
False
Is 4271 prime?
True
Is 40787 prime?
True
Is 50161 a prime number?
False
Is 438023 prime?
False
Is 39977 a composite number?
True
Is 14743 a prime number?
False
Is 91193 a prime number?
True
Is 15401 prime?
True
Is 1666253 prime?
False
Is 215587 composite?
False
Is 32649 prime?
False
Is 519797 prime?
True
Is 81839 composite?
False
Is 15679 prime?
True
Is 2939 a composite number?
False
Is 846383 a composite number?
False
Is 286927 a composite number?
False
Is 42061 composite?
False
Is 879 a prime number?
False
Is 353141 prime?
False
Is 1176277 prime?
True
Is 654326 prime?
False
Is 1501699 a composite number?
False
Is 17707 composite?
False
Is 6629 prime?
False
Is 203249 prime?
True
Is 434047 composite?
True
Is 77369 prime?
True
Is 2521 composite?
False
Is 137383 a composite number?
False
Is 25481 a prime number?
False
Is 4373 prime?
True
Is 2897197 prime?
True
Is 11347 a prime number?
False
Is 1259 composite?
False
Is 315829 a composite number?
False
Is 1963 composite?
True
Is 31129 composite?
True
Is 272474 composite?
True
Is 161159 a prime number?
True
Is 32811 a composite number?
True
Is 93923 prime?
True
Is 1029013 composite?
False
Is 1649509 prime?
False
Is 281143 composite?
True
Is 41857 composite?
True
Is 68627 a composite number?
True
Is 3693 composite?
True
Is 7081 prime?
False
Is 30451 prime?
False
Is 3086 a composite number?
True
Is 533443 composite?
True
Is 2579 composite?
False
Is 83497 a prime number?
True
Is 20555 a composite number?
True
Is 3382465 prime?
False
Is 30181 a prime number?
True
Is 798481 a prime number?
True
Is 48086 a prime number?
False
Is 1121927 a composite number?
True
Is 94407 prime?
False
Is 521423 a prime number?
False
Is 786853 a composite number?
True
Is 5747 a prime number?
False
Is 204583 prime?
True
Is 7417 a prime number?
True
Is 18251 a prime number?
True
Is 43409 composite?
True
Is 1289905 a prime number?
False
Is 20369 a prime number?
True
Is 29819 a prime number?
True
Is 6457 a prime number?
False
Is 195395 a composite number?
True
Is 228901 a composite number?
False
Is 3890135 a prime number?
False
Is 1499 composite?
False
Is 373693 a composite number?
False
Is 23507 a prime number?
False
Is 2647885 a composite number?
True
Is 381037 prime?
True
Is 616909 prime?
True
Is 1454 a prime number?
False
Is 989 a prime number?
False
Is 301 prime?
False
Is 266281 a composite number?
False
Is 149 prime?
True
Is 157621 a composite number?
True
Is 30403 composite?
False
Is 5021 composite?
False
Is 17783 composite?
False
Is 3543 a composite number?
True
Is 88681 a prime number?
True
Is 75749 a composite number?
True
Is 72023 prime?
False
Is 33893 composite?
False
Is 124259 a composite number?
True
Is 203 a composite number?
True
Is 33547 composite?
False
Is 27689 composite?
False
Is 40423 a composite number?
False
Is 211493 a prime number?
True
Is 112802 composite?
True
Is 392053 composite?
False
Is 242717 prime?
False
Is 6953 a prime number?
False
Is 6719 a composite number?
False
Is 21767 composite?
False
Is 522571 prime?
False
Is 1584127 prime?
True
Is 5077 a prime number?
True
Is 839 prime?
True
Is 585457 composite?
True
Is 85103 a composite number?
False
Is 5191 composite?
True
Is 104987 composite?
False
Is 92621 a prime number?
False
Is 8999 prime?
True
Is 43943 prime?
True
Is 11789 composite?
False
Is 6523 a composite number?
True
Is 5261 a prime number?
True
Is 26807 prime?
False
Is 5579 a composite number?
True
Is 75811 a prime number?
False
Is 517355 a prime number?
False
Is 8147 composite?
False
Is 27613 prime?
False
Is 169298 a composite number?
True
Is 50041 composite?
True
Is 1447161 a composite number?
True
Is 60883 composite?
True
Is 11643 prime?
False
Is 14981 a composite number?
True
Is 25871 a composite number?
True
Is 19151 composite?
True
Is 94747 a prime number?
True
Is 5319637 a composite number?
False
Is 3251 a prime number?
True
Is 259531 a prime number?
True
Is 1262011 a prime number?
True
Is 57871 prime?
False
Is 64105 a composite number?
True
Is 252379 a prime number?
False
Is 14477 a composite number?
True
Is 61141 composite?
False
Is 3831 a prime number?
False
Is 60493 prime?
True
Is 6134 composite?
True
Is 1115 a prime number?
False
Is 7591 composite?
False
Is 5331 a prime number?
False
Is 50831 prime?
False
Is 133219 a prime number?
False
Is 1973 prime?
True
Is 1567 a composite number?
False
Is 1709837 a prime number?
True
Is 52627 a composite number?
False
Is 81667 prime?
True
Is 58069 a prime number?
False
Is 26627 a prime number?
True
Is 19949 composite?
False
Is 586991 a composite number?
True
Is 4286 composite?
True
Is 254389 prime?
True
Is 15493 prime?
True
Is 12671 a prime number?
True
Is 164839 a prime number?
True
Is 106903 a composite number?
False
Is 293893 prime?
True
Is 427103 composite?
False
Is 5921 a composite number?
True
Is 1258207 composite?
False
Is 1823 a prime number?
True
Is 62459 prime?
True
Is 194239 a prime number?
True
Is 4339 composite?
False
Is 92447 composite?
True
Is 506357 prime?
True
Is 80609 a prime number?
False
Is 377414 a prime number?
False
Is 387109 composite?
False
Is 156007 prime?
True
Is 449597 composite?
True
Is 2427 prime?
False
Is 204887 composite?
False
Is 5879 composite?
False
Is 6694571 a composite number?
True
Is 892237 a prime number?
True
Is 1012873 a prime number?
False
Is 66919 prime?
True
Is 4421 a prime number?
True
Is 305707 composite?
True
Is 6259 composite?
True
Is 8146 a composite number?
True
Is 1216441 composite?
False
Is 58511 a prime number?
True
Is 164953 a prime number?
True
Is 9469 a composite number?
True
Is 7233 a composite number?
True
Is 1249 a prime number?
True
Is 75503 prime?
True
Is 320077 a prime number?
False
Is 1441031 composite?
False
Is 21149 prime?
True
Is 1915 a composite number?
True
Is 77543 composite?
False
Is 56983 prime?
True
Is 2719 a composite number?
False
Is 303803 prime?
True
Is 50311 a prime number?
True
Is 16579 prime?
False
Is 6469 a prime number?
True
Is 3011 a composite number?
False
Is 32909 composite?
False
Is 18617 a prime number?
True
Is 886 a prime number?
False
Is 2742721 a composite number?
False
Is 156089 a prime number?
True
Is 47887 a prime number?
False
Is 78149 prime?
False
Is 3989 composite?
False
Is 207433 a prime number?
True
Is 30389 a composite number?
False
Is 336353 prime?
True
Is 184343 a prime number?
False
Is 53311 a prime number?
False
Is 210867 prime?
False
Is 68521 composite?
False
Is 1377881 composite?
False
Is 35431 a composite number?
True
Is 52265 composite?
True
Is 269507 a prime number?
False
Is 386963 prime?
True
Is 15049 composite?
True
Is 24671 prime?
True
Is 102293 prime?
True
Is 405179 a composite number?
False
Is 82067 a composite number?
False
Is 11549 a composite number?
False
Is 522601 a composite number?
False
Is 1857 prime?
False
Is 7763 prime?
False
Is 238117 a composite number?
True
Is 30949 composite?
False
Is 703649 a prime number?